**4/4 + 7*m**2. Calculate a(7).
7
Let w(f) = 3*f**2 + 16*f + 3 + f**3 - 16*f. Let c(a) = -a**2 - a**3 + a - a**3 - 1 + 0. Let z be c(1). What is w(z)?
3
Suppose -4*i + 2*n = 24, -n = i - 5*n + 6. Let a(f) = -f**3 - 6*f**2 - f - 5. Give a(i).
1
Let a be (-4)/(-6)*9/2. Let i = a + -7. Let h(u) = u**2 + 2*u - 2. Let w(y) = -y - 1. Let z(c) = h(c) + w(c). Calculate z(i).
9
Let h(k) = -k**3 + k**2 + 2. Let g(o) = -o**3 + o**2 + o - 27. Let w be g(0). Let n be 580/18 - (-10)/(-45). Let j be (-6)/w - n/(-18). What is h(j)?
-2
Suppose 9 - 1 = 4*y. Let c(h) = 3*h + y*h - 6*h**2 - h**3 - 4*h + 1. Determine c(-6).
-5
Let s(k) = 0*k**3 + k - 3*k**2 + k**2 + 1 - 2*k**3. Let b(j) = j**2 - 3*j - 2. Let z be b(3). Give s(z).
7
Let u(i) be the first derivative of 5*i**2/2 + i + 24. Calculate u(-1).
-4
Suppose 41 = 3*k + 5*x, -4*k + 2*k = -4*x + 2. Let i(t) = t**3 - 7*t**2 - 5. Give i(k).
-5
Let o(j) = -11*j**2 + 12*j + 2. Let w(l) = -6*l**2 + 7*l + 1. Let h(r) = -4*o(r) + 7*w(r). Determine h(1).
2
Let y(i) be the second derivative of i**3 + 9*i. Let v(w) be the third derivative of w**6/120 - 7*w**5/60 - w**4/24 + w**3 + 2*w**2. Let n be v(7). Give y(n).
-6
Let o(r) be the third derivative of r**6/720 - r**5/40 - r**4/8 + r**2. Let k(q) be the second derivative of o(q). Calculate k(4).
1
Suppose 0 = 2*s - 1 - 5. Let i(c) = -4*c**2 - 2 + 0*c**s - 2*c - c**3 + 3. Determine i(-3).
-2
Suppose -5*h - w = -3*w - 4, 4*w - 2 = 5*h. Let u(z) = h - 7*z - 1 + 6*z. Determine u(5).
-4
Let n be 1/(6/2 - 2). Let g(z) = -z**3 - z - 1. Let y(s) = 2*s**3 + 3*s**2 + 2*s + 1. Let d(r) = n*y(r) + g(r). Calculate d(-2).
2
Let k(y) = 4*y**3 + y**2. Let a be k(-1). Let f(m) = 0*m + 0*m - 2*m + 4*m + 4. Determine f(a).
-2
Let h(t) = 7*t**3 - 3*t**2 - 15*t + 7. Suppose 5*m = -26 - 14. Let k(v) = -11*v**3 + 4*v**2 + 23*v - 10. Let d(j) = m*h(j) - 5*k(j). What is d(5)?
-6
Let g(k) = -10*k**3 - 5 + 28*k**3 + 4*k**2 - 17*k**3 + 4. Determine g(-4).
-1
Let g(w) = -29*w**2 + 1 - 33*w**2 - 26*w**2 + 86*w**2. Calculate g(-1).
-1
Let n = 2 - -2. Let b be (-3)/6 + (-6)/n. Let d be b*3/12*-2. Let g(x) = -7*x. What is g(d)?
-7
Let g be (3 - -2)*4/(-5). Let b = 8 + g. Let o = -3 + b. Let w(m) = 8*m**3 + m**2 - m. Give w(o).
8
Let u(y) = 2*y + 3. Suppose -13*n + 12 = -15*n. What is u(n)?
-9
Let w(h) = h - 1. Let l(x) = 3*x - 10. Let y(b) = -l(b) + 6*w(b). What is y(3)?
13
Let c(b) = b**3 + 10*b**2 - 10*b + 13. Let m be c(-11). Let y(i) = 7*i + 2. Determine y(m).
16
Suppose -6*u + u + 2*y = -13, 0 = -2*u - 4*y + 10. Let a(h) = 8*h - 3*h**2 - 10*h - u + 0 + 4*h**2. Suppose -6 = 3*z + x, -5*x = 4*z - 2*z + 4. Calculate a(z).
5
Suppose 0 = -0*j + 3*j + 75. Let d be (-4)/(-5)*j/10. Let l(y) = -4*y**2 - y + 2. Determine l(d).
-12
Let t(j) = -j**3 - j**2 + j + 1. Suppose r + 28 = 26. What is t(r)?
3
Let w(a) be the first derivative of a**4/4 - 4*a**3/3 - 1. Let s be (-3)/2*(-28)/21. Suppose -m = s*b + m - 2, -5*b + 23 = -4*m. What is w(b)?
-9
Let z(g) = 5*g - 5. Let l(f) = f - 1. Let v(m) = 6*l(m) - z(m). Calculate v(4).
3
Let i(o) = 1 + o - 7*o + 2*o. Give i(-1).
5
Let y(t) be the second derivative of -t**3/3 - 11*t**2/2 + 34*t. Determine y(-9).
7
Let i(f) = -3*f**3 + 2*f**2 - 1. Let s = 14 + -11. Suppose -y = -4 + s. Give i(y).
-2
Let r(k) = 3*k**2 - 2*k + 2*k - 2*k**2 - 5*k + 3. Let s(b) = -2 + 4*b**2 + 2 - 2*b - 1. Let c be s(-1). Give r(c).
3
Let f(g) = -4*g. Suppose -5*q - 4*k + 0 = 2, -5*k = -5*q - 20. Suppose -u = -2*u - 2. Let w be u - -1 - (2 + q). Calculate f(w).
4
Let i = -8 + 3. Let v(o) = -o**3 + 8*o**2 + 9*o - 2. Let l(q) = -3*q**3 + 17*q**2 + 19*q - 5. Let k(n) = -2*l(n) + 5*v(n). Calculate k(i).
-10
Let f(d) = 0*d - 3 + 4*d + 15 - 3*d. Give f(0).
12
Let s(u) = -3*u - 1 + u + 10*u**2 + 3*u. Let w(t) be the third derivative of -t**5/60 - 3*t**4/8 - 7*t**3/6 + 2*t**2. Let m be w(-8). What is s(m)?
10
Let d(t) = 11 - 2 + 6*t + 0*t - t**2. Let v be d(7). Let a(x) = -x + 1. Determine a(v).
-1
Let o(c) = 1 + 0*c**2 - 6*c**2 + 5*c**2 - 4*c + 0. Let k(v) = -2*v - 3. Let g be k(0). Determine o(g).
4
Let s(m) be the second derivative of m**3/6 - m**2 + 7*m. Determine s(4).
2
Let z(o) = 9*o**2 - 6*o - 2. Let s(t) = -4*t**2 + 3*t + 1. Let n(f) = 7*s(f) + 3*z(f). Give n(4).
-3
Let y = -29 - -33. Let m(g) = g**2 - 2*g - 1. Determine m(y).
7
Let t(x) = 3 - x + 2 - 4 + 6. Let y be 1*4*-1 - -1. Let d(z) = z**3 + 2*z**2 - 2*z + 3. Let k be d(y). Calculate t(k).
7
Let k(r) = 0 - 5*r - 3 + 1. Give k(2).
-12
Let s(z) be the third derivative of z**7/2520 + z**6/240 - z**5/60 + z**4/8 + 2*z**2. Let k(b) be the second derivative of s(b). Determine k(-5).
8
Let v(p) be the second derivative of p**4/12 + p**2/2 + p. Let s(l) = l**3 - 5*l**2 - 5*l - 3. Let m be s(6). Let t = -5 + m. Determine v(t).
5
Suppose f + 4*d + 7 = 16, -4*f + 3*d - 2 = 0. Let z(x) = -5*x + 1. What is z(f)?
-4
Let u(k) be the first derivative of 0*k - 3/2*k**2 + 2/3*k**3 + 5. What is u(3)?
9
Let y be (-4 + 7)*(4 + -3). Let d(b) be the second derivative of 5/6*b**y + 3/2*b**2 + 0 - b. Calculate d(-2).
-7
Let k(j) = -14*j**3 + 1. Suppose 0*d = f + d - 1, 4*f = -d + 10. Suppose -s - 1 = -f. Suppose -s + 3 = l. Calculate k(l).
-13
Let m(d) = -4*d**2 - 621*d + 5*d**2 + 618*d. Determine m(3).
0
Let i(b) be the third derivative of -b**5/60 - b**4/24 + 2*b**3/3 - b**2 - 3*b. Calculate i(0).
4
Let c = 0 - -14. Suppose 3*w + c = j, -4*w + 8 = 2*j + 2*j. Let q(g) = -g**2 - 2*g + 2. What is q(w)?
-1
Let u(m) = m**2 - 1. Let q be u(-1). Let v(a) = q + 2 - 4*a**2 + 4 - 2*a - 5. Give v(-2).
-11
Let w(z) = z**2 - z - 11. Let a(g) = -g**2 + 10. Let x(l) = 5*a(l) + 4*w(l). Suppose 0 = 4*d - i - 15, -2*d + 4*i - 3*i + 5 = 0. Let s = d + -11. What is x(s)?
-6
Let t(i) be the first derivative of -i**3/3 + 4*i**2 + 5*i - 32. Calculate t(8).
5
Let m = -4 + 10. Let b be (5 - m)/(1/3). Let c(p) = 1. Let o(s) = -3*s - 3. Let k(h) = c(h) - o(h). Give k(b).
-5
Let t(j) = j. Let f(a) = -6*a - 15. Let h(g) = f(g) + 5*t(g). Let b be h(-12). Let n(r) = -2*r**2 - 4*r. What is n(b)?
-6
Let j = -30 + 25. Let v(s) = s**2 + 7*s + 2. Calculate v(j).
-8
Let y(g) be the third derivative of -g**6/120 - g**5/15 - 5*g**3/6 + 29*g**2. Suppose -2*p - 6 = 3*a, -3*p + 6 - 13 = 4*a. What is y(a)?
-5
Let u(n) = -8*n. Suppose v = 2*v - 3. Suppose -4*a + 1 = -v. Give u(a).
-8
Let l(n) = n**2 - 6*n + 1. Let o = 8 + -4. Let j(m) = -m**3 + 4*m**2 + 6*m + 6. Let t be j(5). Suppose 3*h = t + o. What is l(h)?
-4
Let i(p) be the third derivative of p**6/120 + p**5/10 + p**3 + 5*p**2. Calculate i(-6).
6
Let j(x) = -x. Let a(m) = -4*m - 8. Let g(l) = -a(l) + 3*j(l). What is g(-6)?
2
Let l(s) = 79*s - 3. Let d(m) = -53*m + 2. Let v(n) = -7*d(n) - 5*l(n). Determine v(1).
-23
Let a(v) be the first derivative of v**4/4 + 4*v**3/3 - v**2/2 + 76. Suppose i - 16 = 3*l + 2*i, -5*l = 3*i + 32. What is a(l)?
4
Let n(p) = -p**3 + p - 3. Let w be 26/143 + 0 + (-2)/11. Calculate n(w).
-3
Suppose 0 = 5*o + 2 - 12. Suppose -2*t + 20 = o*t. Let p(u) = u**2 - 7*u + 7. Determine p(t).
-3
Suppose 2*x + 3*k + 8 = -k, 3*k + 18 = -3*x. Let c be ((-2)/x)/((-6)/(-24)). Let m(t) = 0*t**2 - 3*t**3 - 2*t + c + 2*t**3 + t**2. What is m(1)?
-1
Suppose -5*b - 15 = -10*b. Suppose -23 = d + 5*z, -b*z - 6 = 5*d + 21. Let l(v) = -v**2 - v - 2. Calculate l(d).
-8
Suppose 2*w - 4 = -j, 0 = -w + j + 1 + 1. Let t be -3 + w + 30/2. Suppose 3*y - 14 = 2*o, 2*o + 5*y - t = y. Let h(p) = -4*p + 1. Determine h(o).
5
Let q(a) = a**3 - 6*a**2 + 5*a - 2. Suppose -4*t = -26 - 34. Suppose 0 = -2*x + 5*x - t. Give q(x).
-2
Let p(q) = -q**3 - 6*q**2 - 5*q. Let x(w) = -4*w**3 - 17*w**2 - 14*w. Let t(k) = -11*p(k) + 4*x(k). Let n be (1 + -2 - 0)/1. Give t(n).
4
Let o(h) = -5*h - 4 + 8*h + h**2 + 0*h**2. Calculate o(-5).
6
Let d = -6 - -9. Let h(r) = -3*r**3 - 1 + 4*r**d + 3 - 3 + r**2 + r. Let k(a) = -a**3 + 4*a**2 - 3*a - 2. Let v be k(3). What is h(v)?
-7
Let x(f) be the first derivative of f**4/12 + f**3 - f**2 - 4. Let v(j) be the second derivative of x(j). What is v(-4)?
-2
Let w(b) = -b**3 + 5*b**2 + 9*b - 1. Let d be -1*(-3 - 0) - (-3 + 0). Determine w(d).
17
Let l(d) = -2*d**2 - 5*d - 6. Suppose s + 2*n - 17 = -n, n - 3 = 0. Let w(p) = -5*p**2 - 15*p - 17. Let q(a) = s*l(a) - 3*w(a). Give q(5).
3
Let z(t) = -11*t**2 + 10*t + 1. Let c(n) = 5*n*